ppose v - 2 = -g*v. What is the units digit of v?
2
Suppose 0 = 4*n - 4, 2 = -4*y - 5*n + 15. Suppose 0 = y*o + 3*v - 17, 15 = 2*v + v. Suppose o = -4*i + 21. What is the units digit of i?
5
Let p(l) = l**2 + 12*l - 2. Suppose z - 5*z - 56 = 0. What is the units digit of p(z)?
6
Let x(f) = 2*f - 13. Let c be x(6). What is the units digit of (-3)/(-6)*(1 - c)?
1
Suppose 5*i = 2*i + 4*z - 30, 6 = 2*z. What is the units digit of ((-57)/i)/(1/2)?
9
Let d = 122 + -70. Let y = d + -36. What is the tens digit of y?
1
Suppose -3*g - g = 3*x - 23, 0 = 3*x - g - 13. Suppose -c + 1 = 4*q - 8, 0 = x*q - 25. Let z = -8 - c. What is the units digit of z?
3
Suppose 10 = -4*f + 3*a - 4, -8 = 2*f - a. What is the units digit of 4 - (f - -2)/(-3)?
3
What is the units digit of 2 + 3/1*6?
0
Let c = -9 - -4. Let f(r) = r**3 + 4*r**2 - 6*r - 3. Let y be f(c). Suppose -4 = -5*p - y*v + 31, -2*p = -2*v. What is the units digit of p?
5
Let s(b) = b**3 - 7*b**2 - 17*b - 5. Let i be s(9). Suppose 12 = 3*o - 3*r, r + 6 = i*o - 13. What is the units digit of o?
5
Let g(w) = 22*w - 8. Let h(k) = -110*k + 40. Let b(j) = 11*g(j) + 2*h(j). What is the tens digit of b(3)?
5
Let l = -9 - -13. Suppose -v - 7 = 3*x - 24, -4*x = -v - 11. Suppose t = l*y - v, -5*t - 10 = -5*y - 0. What is the units digit of y?
1
Suppose 5*k + 5*i = k + 7, 2*k - 10 = 4*i. Let c = 2 + k. Suppose -c*h + 10 = -0*h. What is the units digit of h?
2
Let u(k) = -7*k**2 - 19*k + 5. Let c(x) = -4*x**2 - 10*x + 3. Let o(i) = -5*c(i) + 3*u(i). Let f = 1 + -7. What is the units digit of o(f)?
6
Let w(d) = d**2 + d + 6. Let l be w(0). Let z = -6 - -11. Suppose -l*c + c = -z. What is the units digit of c?
1
Suppose 0 = 5*h + 5 + 10. What is the units digit of (-4 - 2)*(h - -2)?
6
Let c(y) = 7*y**2 - 6*y - 3. Let m(p) = 8*p**2 - 6*p - 2. Let b(f) = -7*c(f) + 6*m(f). Let u(s) = 2*s - 7. Let a be u(7). What is the units digit of b(a)?
2
Let a(y) = y**3 + 7*y**2 - 9*y - 7. Let k be a(-8). Suppose 3*b = -k + 7. Suppose 0*j + b*j = 44. What is the tens digit of j?
2
Let p = 16 + -16. Suppose -2*s + 0*s - 2*u + 54 = p, 0 = 4*u. What is the units digit of s?
7
Let w(u) = 1 + 8 + 0 - 5*u. Let s be w(7). Let h = 40 + s. What is the units digit of h?
4
Suppose 0 + 4 = -o. What is the tens digit of (2/(-6))/(o/132)?
1
Suppose -1377 = -7*q + 345. What is the hundreds digit of q?
2
Let s(o) = -2*o + 6*o - 3*o - 2 + 2*o**2. What is the tens digit of s(-3)?
1
Let p = 2 + -9. Let m(j) = 3*j + 9. Let g be m(p). Let a = 0 - g. What is the units digit of a?
2
Let j(s) = 3*s**3 - 6*s - 5. Let v(y) = 10*y**3 - 19*y - 16. Let g(b) = -7*j(b) + 2*v(b). Let a be g(-2). Suppose 4*f = a*f + 3. What is the units digit of f?
3
Let f(d) = -d**3 + 4*d**2 + 2*d - 2. Let r be f(4). Suppose 3*n + 39 = r*n. Suppose -4*t + 4*m + 14 = 2, t = -4*m + n. What is the units digit of t?
5
Let h = -97 - -197. Suppose 0 = 5*t - 2*g - 125, -3*t + 4*g + h = t. Let y = t - 17. What is the units digit of y?
8
Let u = -2 + 13. What is the tens digit of u?
1
Let f = -54 - -301. What is the tens digit of f?
4
Let u(m) = 0*m**2 + 2 + 3*m**2 + 6*m - 3*m - 5*m. What is the units digit of u(2)?
0
Let l(s) = 16*s**2 - 14. What is the hundreds digit of l(4)?
2
Suppose -z + 30 = -1. Suppose -2*x + 9 = -z. Suppose -4*j + 0*n + 24 = -2*n, -x = -5*j + 5*n. What is the units digit of j?
8
Let c(l) = 3*l - 6. Let f(d) = d**3 - 15*d**2 + 5. Let n be f(15). What is the units digit of c(n)?
9
Suppose 5*n = -2*v + 4 + 9, 0 = 5*n - 3*v - 18. Suppose -3 = -n*g + 30. What is the tens digit of g?
1
Let o be 8 - (-3 - (-3 + -1)). Suppose a - 24 = -o. What is the tens digit of a?
1
Let p = 139 + 16. What is the hundreds digit of p?
1
Let w = -36 + -28. What is the units digit of -6*(w/12)/2?
6
Suppose -3*k + 7*k = 16. Suppose c + 7 = 3*l, -2*c = l - 5*l + 6. Suppose 3*d + 4*y = k, 5*d + 2*y - 11 - c = 0. What is the units digit of d?
4
Suppose 5*t - 15 = -r, 0 = 3*t + 5*r - 15 - 16. Suppose t*s + y = 14, 5*s + 4*y = 36 - 4. What is the units digit of s?
8
Let i(f) = 4*f + 2. Let r be i(-3). Let h be (55/r)/(1/(-2)). Let q = h + -4. What is the units digit of q?
7
What is the units digit of 184/18 + 2/(-9)?
0
Let q = 3 + 2. Suppose z + 4*d = -10, -3 = 3*z - 0*d + 3*d. Suppose q*n - 9 = z*n. What is the units digit of n?
3
What is the tens digit of (-188)/(-8) - 1/(-2)?
2
Suppose 5*j - y - 49 = 0, 12*j - y = 14*j - 14. What is the units digit of j?
9
Let l = -53 - -68. What is the units digit of l?
5
Let o = -4 - -7. Suppose 10 = 2*a - o*t, 3*a - a - t - 18 = 0. What is the tens digit of a?
1
Let k = 17 + 64. What is the tens digit of k?
8
What is the tens digit of (-41)/(-3)*(-1 - -4)?
4
Suppose 2*s - 67 = -3. What is the units digit of 24/s - 33/(-4)?
9
Suppose 243 = -a + 55. Let l = -68 - a. What is the units digit of 2/(-7) - l/(-28)?
4
Suppose 3*w + 2*w - 45 = 2*h, 5*h - 4*w = -87. Let r = -5 - h. What is the tens digit of r?
1
Let k be (-1)/((-52)/(-24) - 2). What is the units digit of 3/(k/(-28)) - 2?
2
Let g(r) = -6*r**2 + 7*r. Let n(o) = 13*o**2 - 13*o. Let f(p) = 11*g(p) + 6*n(p). What is the tens digit of f(1)?
1
Let h(i) = i**2 + 7*i - 17. What is the units digit of h(-13)?
1
Suppose -19*z + 1640 = -11*z. What is the tens digit of z?
0
Let w = 119 + -44. What is the tens digit of w?
7
Suppose -n + 4*n = 30. What is the units digit of 40/7 - n/(-35)?
6
Suppose 9*m - m - 1312 = 0. What is the tens digit of m?
6
Let i(h) = -16*h**3 - 34*h**2 - 26*h + 9. Let f(w) = 3*w**3 + 7*w**2 + 5*w - 2. Let q(u) = 11*f(u) + 2*i(u). What is the tens digit of q(-8)?
3
Suppose 2*d + 45 = 7*d. Let f(z) = z**2 - 7*z - 9. Let r be f(d). Let g = -1 + r. What is the units digit of g?
8
Let r(k) = k**3 - 7*k**2 + 3*k + 4. What is the tens digit of r(7)?
2
Let n = 36 + -14. Let k = -16 + n. What is the tens digit of -33*(10/k - 2)?
1
Let z(s) be the first derivative of s**3/3 + 2*s**2 + 6*s + 2. Let u be z(-4). Suppose u*f - f - 20 = 0. What is the units digit of f?
4
Suppose -91 = -2*i + 3*c + 2, -4*c + 12 = 0. Suppose -5*l + i = -4*f - 226, -5*l - f = -287. What is the tens digit of l?
5
Let x(z) = -276*z - 2. What is the hundreds digit of x(-1)?
2
Let h = 30 + 21. What is the units digit of h?
1
Let f(l) = l**2 - 3*l + 36. What is the hundreds digit of f(13)?
1
Let t be 4 + 1 + (-2 - -5). Suppose t = -3*l + 5*l. What is the units digit of l?
4
Suppose 4*h + h + 5 = 0, -76 = -4*z + 4*h. What is the units digit of z?
8
Let f = -22 - -10. Let c = f - -38. What is the tens digit of c?
2
Suppose -2*k - 3*n + 74 = 0, -2*k + 64 = 2*n - 4*n. Let c(u) = u**3 + 5*u**2 - 4*u - 6. Let b be c(-6). Let x = b + k. What is the units digit of x?
6
Let t(i) = -i**3 - 3*i**2 - 2*i + 1. Let f be t(-3). Let o = f + -1. What is the units digit of o?
6
Suppose 7*r = 3*r + 624. What is the units digit of r?
6
Let d = -40 - -6. Let v = 61 + d. What is the units digit of v?
7
Let g = -6 + 11. Suppose g*q = 44 + 106. What is the units digit of q?
0
Let n(q) be the third derivative of -q**6/720 - q**5/15 + q**4/24 - 4*q**2. Let f(j) be the second derivative of n(j). What is the units digit of f(-9)?
1
What is the units digit of (-496)/(-13) + 4/(-26)?
8
Suppose b = -b + 28. Suppose -b = 3*v - 2*f, 3*f = 2*v + 2*v + 19. What is the units digit of 16/7 + v/14?
2
Let n be (-2)/(-9) + 16/9. Suppose b - 3 = n. What is the units digit of b?
5
Let v(i) = -4*i**3 + 4*i**2 + 2*i - 5. What is the tens digit of v(-3)?
3
Let w = -14 - -20. Suppose -3 = u - w. Suppose -4*p = g - 66 - 14, -u*g = 0. What is the tens digit of p?
2
Suppose z - 4*p + 14 = 0, 3*z - 14 = -z + 2*p. What is the units digit of z?
6
Let k = 53 - -17. What is the tens digit of k?
7
Suppose 3 = -0*p + 3*p. Let a = -4 + 4. Suppose 5*u + 30 = 4*b, -3*u - p = b - a*u. What is the units digit of b?
5
Let z(v) = v**2 + 4 + 0*v**2 + 5 - 8*v. Let b be z(7). Suppose -2*q + b = -8. What is the units digit of q?
5
Let u = -6 + 8. Suppose -u*k + 4*k - 18 = 0. What is the units digit of k?
9
Suppose 0 = 4*r + 11 + 21. Let f = -6 - r. Suppose -q + 33 = u + f*u, -u + 2*q = -4. What is the units digit of u?
0
Suppose 9*q = 7*q + 420. What is the tens digit of q?
1
Let l(b) = -b**3 + b**2 - b + 10. Let i be l(0). Let q = i - 4. Let g(s) = s**3 - 6*s**2 + 2. What is the units digi